(-35)?
137
Let d(c) = -28*c**2 + 14948*c - 44825. What is d(3)?
-233
Let v(g) = -g**2 - 4138*g - 53629. What is v(-13)?
-4
Let z(h) = -h**3 + 13*h**2 + 5*h - 66. Give z(0).
-66
Let z(k) = -2*k**3 - 4*k**2 - 17*k + 224. Determine z(4).
-36
Let z(x) = 7*x**3 - 64*x**2 - 1084*x + 9836. Determine z(9).
-1
Let s(j) = 2700*j + 16249. What is s(-6)?
49
Let y(g) = 976*g**2 + 235*g + 21. Calculate y(-1).
762
Let d(g) = 115*g - 7422. Determine d(64).
-62
Let f(k) = k**2 + 251*k - 2075. Determine f(8).
-3
Let g(b) = -4*b**2 + 2940*b + 153669. Determine g(784).
5
Let c(y) = -2763*y + 11852. Give c(4).
800
Let k(o) = 257*o**2 - 4342*o + 3692. Give k(16).
12
Let f(h) = 3*h**2 + 33*h + 364. Determine f(-18).
742
Let w(t) = -6*t**2 + 607*t + 2214. What is w(109)?
-2909
Let z(t) = -t**3 - 74*t**2 + 2235*t + 369. Calculate z(-97).
-19
Let h(i) = -i**3 + 76*i**2 - 214*i - 121. Calculate h(73).
244
Let k(w) = 3901*w + 927. Give k(0).
927
Let x(j) = -5244*j - 20676. Determine x(-4).
300
Let c(f) = -311*f**2 - 4658*f + 40. What is c(-15)?
-65
Let b(c) = 219*c + 56271. What is b(-256)?
207
Let h(p) = -27333*p**2 + 136687*p - 48. Give h(5).
62
Let a(q) = -69619*q - 696222. Calculate a(-10).
-32
Let h(b) = 10881*b + 10878. Give h(-1).
-3
Let j(y) = -418*y**2 - 46817*y + 78. Calculate j(-112).
190
Let b(m) = -1192411*m - 20270999. Calculate b(-17).
-12
Let x(s) = s**2 - 18125*s - 217645. Calculate x(-12).
-1
Let g(z) = -z**3 - 308*z**2 - 1778*z + 29. Give g(-6).
-175
Let u(m) = 2176*m - 8702. What is u(4)?
2
Let i(b) = 1471*b - 105988. Give i(72).
-76
Let v(b) = 33*b**2 + 2950*b - 1810. Give v(-90).
-10
Let v(a) = 4*a**2 + 18925*a - 648058. What is v(34)?
16
Let l(v) = -v**3 + 19*v**2 - 655*v + 10046. Give l(16).
334
Let k(t) = -16*t**2 + 84*t - 357. What is k(5)?
-337
Let r(q) = 10*q**3 + 227*q**2 + 108*q + 105. Give r(-21).
5334
Let h(g) = -807*g - 4047. Determine h(-5).
-12
Let q(n) = -11574*n - 21715. Give q(-2).
1433
Let l(j) = 2*j**3 + 2*j**2 + 3168*j + 12613. What is l(-4)?
-155
Let n(a) = 115*a**3 - 8*a**2 - 49*a + 54. Determine n(1).
112
Let i(q) = 2*q**2 - 399*q + 15977. Give i(144).
-7
Let d(p) = 6*p**3 + 559*p**2 + 119*p + 348. Calculate d(-93).
-2070
Let c(x) = -12*x**2 + 734*x + 3103. What is c(-4)?
-25
Let v(j) = j**3 - 78*j**2 + 157*j - 215. Give v(76).
165
Let k(v) = 517849*v - 1035704. Calculate k(2).
-6
Let p(u) = 14*u**3 + 58*u**2 - 369*u - 21. Determine p(7).
5040
Let w(h) = h**2 - 130*h - 3429. Give w(155).
446
Let g(a) = 2*a**3 + 210*a**2 + 190*a - 235. What is g(-104)?
1637
Let f(z) = -z**3 + 259*z**2 - 2239*z - 110. Give f(9).
-11
Let p(z) = z**3 + 349*z**2 + 27805*z + 1550. What is p(-226)?
-32
Let i(m) = m**3 - 6*m**2 - 207*m + 1329. What is i(6)?
87
Let n(h) = 1652*h - 36439. Calculate n(22).
-95
Let f(z) = -z**3 - 58*z**2 - 432*z - 8820. What is f(-53)?
31
Let g(n) = -8664*n - 511177. Give g(-59).
-1
Let q(l) = 2*l**3 + 50791*l**2 + 456953*l - 26. Calculate q(-9).
10
Let d(r) = 2*r**2 + 559*r - 10750. Determine d(18).
-40
Let l(p) = -p**3 - 3*p**2 + 116*p + 362. What is l(-17)?
2436
Let x(t) = 11462*t + 160465. Calculate x(-14).
-3
Let g(f) = f**3 + 43*f**2 + 124*f - 28. Calculate g(-4).
100
Let x(p) = -1942*p - 124526. What is x(-65)?
1704
Let k(n) = -3*n**3 + 155*n**2 - 252*n + 65. Give k(50).
-35
Let y(g) = -g**3 - 54*g**2 - 696*g + 584. What is y(-31)?
57
Let o(v) = 312*v**2 + 3216*v + 973. Calculate o(-10).
13
Let o(f) = 12*f**2 + 9*f - 75. Determine o(4).
153
Let g(q) = 67954*q - 1291125. Calculate g(19).
1
Let g(c) = c**3 - 9*c**2 + 1041*c - 5256. Calculate g(5).
-151
Let v(w) = 2*w**3 + 1432*w**2 - 1416*w + 12915. Determine v(-717).
9
Let t(i) = 25*i**2 + 33*i - 337. Give t(6).
761
Let b(l) = -7*l**2 + 14604*l + 43827. What is b(-3)?
-48
Let b(g) = -8*g**3 - 363*g**2 + 251*g + 113. Calculate b(1).
-7
Let t(w) = 17156*w + 34347. Calculate t(-2).
35
Let q(l) = 3*l**2 - 15848*l - 622592. Calculate q(-39).
43
Let z(m) = -34561*m - 4043634. Give z(-117).
3
Let r(x) = -x**2 + 76*x - 1462. What is r(45)?
-67
Let o(l) = -114*l**2 + 18*l + 39. Give o(5).
-2721
Let y(r) = -35*r**2 + 58*r + 285. Give y(4).
-43
Let a(j) = 17*j**2 - 1425*j - 4264. Give a(-3).
164
Let v(w) = -131*w**3 - 3*w**2 - 22*w + 43. What is v(2)?
-1061
Let u(y) = y**3 - 305*y**2 - 2848*y - 225. What is u(-9)?
-27
Let i(n) = 37*n**3 + 381*n**2 + 62*n - 487. Determine i(-10).
-7
Let h(s) = -2*s**3 - 86*s**2 - 376*s - 2193. Give h(-39).
303
Let z(x) = -x**2 + 264*x - 15496. Calculate z(129).
1919
Let r(x) = 5760*x - 115633. What is r(20)?
-433
Let c(f) = -275*f**3 - 60*f**2 + 60*f. Determine c(1).
-275
Let m(k) = k**3 - 4*k**2 - 387*k + 2256. What is m(6)?
6
Let a(n) = 2*n**3 + 253*n**2 + 3795*n + 107726. Give a(-114).
-4
Let u(y) = -16664*y + 133344. Give u(8).
32
Let d(g) = 5*g**2 + 530*g + 11075. Calculate d(-77).
-90
Let t(j) = -2*j**2 - 13649*j + 1300677. Determine t(94).
-1
Let c(y) = 4*y**2 + 596*y - 1426. Determine c(-154).
1654
Let c(r) = r**3 - 58*r**2 + 144*r - 11899. What is c(59)?
78
Let m(j) = 2*j**3 + 32*j**2 + 53*j + 33. What is m(-13)?
358
Let s(r) = r**2 + 3825*r + 53078. Give s(-14).
-276
Let z(n) = -n**3 + 2*n**2 + 461*n + 2529. What is z(-6)?
51
Let x(z) = -32208*z + 772988. Determine x(24).
-4
Let v(l) = -119*l + 10375. What is v(87)?
22
Let x(q) = q**3 + 301*q**2 + 305*q + 1512. Give x(-300).
12
Let p(h) = 16*h**3 - 32*h**2 + 4*h + 3. Determine p(-3).
-729
Let h(p) = -p**3 + 45*p**2 + 12150*p - 4. Determine h(135).
-4
Let c(o) = -o**3 + 78*o**2 + 991*o + 27321. Determine c(92).
-3
Let b(s) = 2*s**3 - 107*s**2 + 512*s + 644. Calculate b(48).
-124
Let d(h) = -2*h**3 - 1726*h**2 - 22096*h + 3403. Calculate d(-850).
3
Let k(t) = 1263*t - 107785. Determine k(85).
-430
Let h(a) = 5932*a**2 + 59310*a - 78. What is h(-10)?
22
Let z(m) = 668*m**2 + 1775*m + 976. Give z(-2).
98
Let g(w) = -8*w**2 + 58*w + 1111. Calculate g(16).
-9
Let s(w) = w**2 - 29514*w + 118012. What is s(4)?
-28
Let r(h) = -501*h - 11078. Determine r(-22).
-56
Let c(d) = -151*d - 10007. Give c(-66).
-41
Let u(k) = 29*k**2 + 739*k + 292. Calculate u(-25).
-58
Let l(p) = -3*p**2 + 4157*p - 1851. Determine l(0).
-1851
Let k(v) = 7*v**3 - v**2 - 122*v + 456. Determine k(9).
4380
Let n(a) = -329*a + 22240. What is n(64)?
1184
Let p(j) = j**2 + 315*j - 4683. What is p(15)?
267
Let n(j) = -2*j**2 + 1584*j - 28518. Determine n(18).
-654
Let l(x) = -2*x**3 + 8*x**2 - 77*x + 875. Give l(7).
42
Let v(t) = -833*t + 548099. Determine v(658).
-15
Let s(d) = -423*d + 53309. Give s(126).
11
Let r(k) = k**3 - 82*k**2 + 1541*k - 821. What is r(28)?
-9
Let d(g) = 14*g**2 - 54387*g + 108725. Determine d(2).
7
Let q(u) = -5*u**3 - 81*u**2 - 94*u + 65. Determine q(-15).
125
Let k(i) = -3*i**3 - 3*i**2 + 1395*i + 2786. Give k(-2).
8
Let c(n) = -n**3 - 49*n**2 + 43*n - 94. Give c(-50).
256
Let s(g) = 2*g**3 + 9*g**2 - 2*g - 36. Calculate s(-4).
-12
Let k(b) = 91*b**3 - 821*b**2 + 441*b - 3803. Calculate k(9).
4
Let n(v) = 4*v**3 - 44*v**2 + 10*v + 195. Determine n(7).
-519
Let g(h) = -5731*h - 28622. Calculate g(-5).
33
Let v(m) = 5*m**3 - 1240*m**2 + 40755*m + 9. Give v(209).
9
Let h(v) = 10*v**3 + 6*v**2 - 1462*v - 2944. Calculate h(-2).
-76
Let o(w) = 17*w**3 - 15*w**2 + 3*w - 14. Calculate o(3).
319
Let j(h) = 2*h**3 - 12*h**2 - 603*h + 3085. Calculate j(5).
20
Let x(m) = 2*m**3 - 53*m**2 - 112*m - 139. Determine x(29).
818
Let a(n) = 3*n**2 + 3382*n + 130415. Determine a(-40).
-65
Let s(y) = 4*y**2 - 655*y - 4249. Calculate s(170).
1
Let n(o) = -1048*o**2 - 19899*o + 249. Calculate n(-19).
2
Let m(v) = -v**2 + 1299*v + 74467. Determine m(-55).
-3
Let u(l) = 8*l**3 - 264*l**2 + 393*l - 12961. Calculate u(33).
8
Let n(m) = -581576*m - 5234172. Calculate n(-9).
12
Let l(n) = 3*n**2 - 492*n + 3744. Calculate l(8).
0
Let u(f) = f**3 - 76*f**2 + 968*f - 111. Give u(16).
17
Let i(d) = -49*d + 807. Give i(47).
-1496
Let r(f) = 2*f**2 - 31012*f + 557578. What is r(18)?
10
Let w(n) = 3*n**3 - 185*n**2 + 762*n - 277. Determine w(4).
3
Let f(j) = -3*j**2 + 103*j + 2232. Determine f(51).
-318
Let z(h) = 182*h**2 + 675*h + 1. Give z(2).
2079
Let h(u) = u**3 - 3*u**2 - 14*u + 656. Give h(0).
656
Let t(o) = 221537*o - 2658549. What is t(12)?
-105
Let p(s) = -s**2 - 45915*s - 1605801. What is p(-35)?
-1
Let d(p) = -30*p**